{"id":3,"date":"2024-02-26T14:49:29","date_gmt":"2024-02-26T17:49:29","guid":{"rendered":"https:\/\/fisicafis.com.br\/?page_id=3"},"modified":"2024-04-10T21:44:02","modified_gmt":"2024-04-11T00:44:02","slug":"politica-de-privacidade","status":"publish","type":"page","link":"https:\/\/fisicafis.com.br\/index.php\/politica-de-privacidade\/","title":{"rendered":"Pol\u00edtica de privacidade"},"content":{"rendered":"\t\t<div data-elementor-type=\"wp-page\" data-elementor-id=\"3\" class=\"elementor elementor-3\">\n\t\t\t\t<div class=\"elementor-element elementor-element-e0c3a05 e-flex e-con-boxed wpr-particle-no wpr-jarallax-no wpr-parallax-no wpr-sticky-section-no e-con e-parent\" data-id=\"e0c3a05\" data-element_type=\"container\" data-settings=\"{&quot;background_background&quot;:&quot;classic&quot;}\">\n\t\t\t\t\t<div class=\"e-con-inner\">\n\t\t\t\t\t<\/div>\n\t\t\t\t<\/div>\n\t\t<div class=\"elementor-element elementor-element-a362387 e-flex e-con-boxed wpr-particle-no wpr-jarallax-no wpr-parallax-no wpr-sticky-section-no e-con e-parent\" data-id=\"a362387\" data-element_type=\"container\">\n\t\t\t\t\t<div class=\"e-con-inner\">\n\t\t\t\t<div class=\"elementor-element elementor-element-75d9ed9 elementor-widget elementor-widget-heading\" data-id=\"75d9ed9\" data-element_type=\"widget\" data-widget_type=\"heading.default\">\n\t\t\t\t<div class=\"elementor-widget-container\">\n\t\t\t\t\t<h2 class=\"elementor-heading-title elementor-size-default\">Pol\u00edticas de Privacidade - Fis.com<\/h2>\t\t\t\t<\/div>\n\t\t\t\t<\/div>\n\t\t\t\t\t<\/div>\n\t\t\t\t<\/div>\n\t\t<div class=\"elementor-element elementor-element-43954a9 e-flex e-con-boxed wpr-particle-no wpr-jarallax-no wpr-parallax-no wpr-sticky-section-no e-con e-parent\" data-id=\"43954a9\" data-element_type=\"container\">\n\t\t\t\t\t<div class=\"e-con-inner\">\n\t\t\t\t<div class=\"elementor-element elementor-element-55823c6 elementor-widget elementor-widget-text-editor\" data-id=\"55823c6\" data-element_type=\"widget\" data-widget_type=\"text-editor.default\">\n\t\t\t\t<div class=\"elementor-widget-container\">\n\t\t\t\t\t\t\t\t\t<p><\/p>\n<h2 class=\"wp-block-heading\"><b>Quem somos<\/b><\/h2>\n<p><\/p>\n<p>Esta Pol\u00edtica de Privacidade descreve como Polo Uniformes coleta, usa e protege as informa\u00e7\u00f5es pessoais dos usu\u00e1rios que acessam nosso site [<a href=\"https:\/\/fisicafis.com.br.\">www.fisicafis.com.br<\/a>].&nbsp; Ao utilizar nosso site, voc\u00ea concorda com as pr\u00e1ticas descritas nesta pol\u00edtica.&nbsp;<\/p>\n<p><\/p>\n<h2 class=\"wp-block-heading\"><strong>1. Coleta de&nbsp;<\/strong><strong>Informa\u00e7\u00f5es Pessoais:<\/strong><\/h2>\n<p>Coletamos informa\u00e7\u00f5es pessoais, como nomes, endere\u00e7os de e-mail e informa\u00e7\u00f5es de contato, quando voc\u00ea se registra em nosso site, preenche formul\u00e1rios ou interage outra forma conosco, para auxiliar na detec\u00e7\u00e3o de spam.<\/p>\n<p>Uma sequ\u00eancia anonimizada de caracteres criada a partir do seu e-mail (tamb\u00e9m chamada de hash) poder\u00e1 ser enviada para o Gravatar para verificar se voc\u00ea usa o servi\u00e7o. A pol\u00edtica de privacidade do Gravatar est\u00e1 dispon\u00edvel aqui:&nbsp;<a href=\"https:\/\/automattic.com\/privacy\" target=\"_blank\" rel=\"noopener\"><em>https:\/\/automattic.com\/privacy<\/em><\/a>.<\/p>\n<p>Depois da aprova\u00e7\u00e3o do seu coment\u00e1rio, a foto do seu perfil fica vis\u00edvel publicamente junto de seu coment\u00e1rio.<\/p>\n<h2><strong>2. Uso de Informa\u00e7\u00f5es:<\/strong><\/h2>\n<p>As informa\u00e7\u00f5es pessoais coletadas podem ser usadas para:<\/p>\n<ul>\n<li>Personalizar a experi\u00eancia do usu\u00e1rio no site.<\/li>\n<li>Fornecer atualiza\u00e7\u00f5es e informa\u00e7\u00f5es sobre nossos produtos ou servi\u00e7os.<\/li>\n<li>Melhorar nossos produtos e servi\u00e7os com base no feedback fornecido.<\/li>\n<li>Processar transa\u00e7\u00f5es, quando aplic\u00e1vel.<\/li>\n<\/ul>\n<h2><strong>3. Cookies e Tecnologias de Rastreamento:<\/strong><\/h2>\n<p>Nosso site pode usar cookies e tecnologias similares para melhorar a experi\u00eancia do usu\u00e1rio, analisar tend\u00eancias e administrar o site. Voc\u00ea pode controlar o uso de cookies nas configura\u00e7\u00f5es do seu navegador.<\/p>\n<p><strong>&nbsp;<\/strong>Ao deixar um coment\u00e1rio no site, voc\u00ea poder\u00e1 optar por salvar seu nome, e-mail e site nos cookies. Isso visa seu conforto, assim voc\u00ea n\u00e3o precisar\u00e1 preencher seus dados novamente quando fizer outro coment\u00e1rio. Estes cookies duram um ano.<\/p>\n<p>Se voc\u00ea tem uma conta e acessa este site, um cookie tempor\u00e1rio ser\u00e1 criado para determinar se seu navegador aceita cookies. Ele n\u00e3o cont\u00e9m nenhum dado pessoal e ser\u00e1 descartado quando voc\u00ea fechar seu navegador.<\/p>\n<p>Quando voc\u00ea acessa sua conta no site, tamb\u00e9m criamos v\u00e1rios cookies para salvar os dados da sua conta e suas escolhas de exibi\u00e7\u00e3o de tela. Cookies de login s\u00e3o mantidos por dois dias e cookies de op\u00e7\u00f5es de tela por um ano. Se voc\u00ea selecionar \u201cLembrar-me\u201d, seu acesso ser\u00e1 mantido por duas semanas. Se voc\u00ea se desconectar da sua conta, os cookies de login ser\u00e3o removidos.<\/p>\n<h2><strong>4. Compartilhamento de Informa\u00e7\u00f5es:<\/strong><\/h2>\n<p><strong>N\u00e3o compartilhamos informa\u00e7\u00f5es pessoais com terceiros, exceto quando necess\u00e1rio para fornecer servi\u00e7os relacionados ao site. Isso pode incluir provedores de servi\u00e7os t\u00e9cnicos ou parceiros de neg\u00f3cios que nos auxiliam na opera\u00e7\u00e3o do site.&nbsp;<\/strong>Se voc\u00ea solicitar uma redefini\u00e7\u00e3o de senha, seu endere\u00e7o de IP ser\u00e1 inclu\u00eddo no e-mail de redefini\u00e7\u00e3o de senha.<\/p>\n<h2><strong>5. Quais os seus direitos sobre seus dados:<\/strong><\/h2>\n<p>Voc\u00ea tem o direito de acessar, corrigir ou excluir suas informa\u00e7\u00f5es pessoais. Se desejar exercer esses direitos ou tiver alguma d\u00favida sobre nossas pr\u00e1ticas de privacidade, entre em contato conosco atrav\u00e9s dos detalhes fornecidos abaixo.&nbsp; &nbsp;Tamb\u00e9m pode solicitar que removamos qualquer dado pessoal que mantemos sobre voc\u00ea. Isto n\u00e3o inclui nenhuns dados que somos obrigados a manter para prop\u00f3sitos administrativos, legais ou de seguran\u00e7a.<\/p>\n<h2><strong>6. Seguran\u00e7a:<\/strong><\/h2>\n<p>Implementamos medidas de seguran\u00e7a para proteger as informa\u00e7\u00f5es pessoais dos usu\u00e1rios.&nbsp;<\/p>\n<h2><strong>7. Altera\u00e7\u00f5es na Pol\u00edtica:<\/strong><\/h2>\n<p>Podemos atualizar nossa pol\u00edtica de privacidade ocasionalmente. As altera\u00e7\u00f5es ser\u00e3o refletidas nesta p\u00e1gina e a data da \u00faltima atualiza\u00e7\u00e3o ser\u00e1 revisada. Recomendamos que voc\u00ea reveja periodicamente nossa pol\u00edtica para estar ciente das pr\u00e1ticas mais recentes.<\/p>\n<h2><strong>8. Contato:<\/strong><\/h2>\n<p>Se voc\u00ea tiver alguma d\u00favida ou preocupa\u00e7\u00e3o sobre nossa pol\u00edtica de privacidade, entre em contato conosco pelo seguinte e-mail: [<em>contato@fisicafis.com.br]<\/em><\/p>\n<h2><span style=\"color: #333399;\">Fis.com \u2013 Copyright \u00a9 2024 \u2013 Todos os direitos reservados.<\/span><\/h2>\n<p style=\"color: #716e6e;\"><span style=\"text-decoration-line: underline;\"><em>Data de atualiza\u00e7\u00e3o da Pol\u00edtica de Privacidade \u2013 10\/04\/2024 \u00e1s 08:00<\/em><\/span><\/p>\n<p><\/p>\n<p><\/p>\t\t\t\t\t\t\t\t<\/div>\n\t\t\t\t<\/div>\n\t\t\t\t\t<\/div>\n\t\t\t\t<\/div>\n\t\t<div class=\"elementor-element elementor-element-b1b000d e-flex e-con-boxed wpr-particle-no wpr-jarallax-no wpr-parallax-no wpr-sticky-section-no e-con e-parent\" data-id=\"b1b000d\" data-element_type=\"container\">\n\t\t\t\t\t<div class=\"e-con-inner\">\n\t\t\t\t<div class=\"elementor-element elementor-element-a685615 elementor-align-center elementor-widget elementor-widget-button\" data-id=\"a685615\" data-element_type=\"widget\" data-widget_type=\"button.default\">\n\t\t\t\t<div class=\"elementor-widget-container\">\n\t\t\t\t\t\t\t\t\t<div class=\"elementor-button-wrapper\">\n\t\t\t\t\t<a class=\"elementor-button elementor-button-link elementor-size-sm\" href=\"https:\/\/fisicafis.com.br\/\">\n\t\t\t\t\t\t<span class=\"elementor-button-content-wrapper\">\n\t\t\t\t\t\t<span class=\"elementor-button-icon\">\n\t\t\t\t<svg aria-hidden=\"true\" class=\"e-font-icon-svg e-far-arrow-alt-circle-left\" viewBox=\"0 0 512 512\" xmlns=\"http:\/\/www.w3.org\/2000\/svg\"><path d=\"M8 256c0 137 111 248 248 248s248-111 248-248S393 8 256 8 8 119 8 256zm448 0c0 110.5-89.5 200-200 200S56 366.5 56 256 145.5 56 256 56s200 89.5 200 200zm-72-20v40c0 6.6-5.4 12-12 12H256v67c0 10.7-12.9 16-20.5 8.5l-99-99c-4.7-4.7-4.7-12.3 0-17l99-99c7.6-7.6 20.5-2.2 20.5 8.5v67h116c6.6 0 12 5.4 12 12z\"><\/path><\/svg>\t\t\t<\/span>\n\t\t\t\t\t\t\t\t\t<span class=\"elementor-button-text\">Voltar ao Site<\/span>\n\t\t\t\t\t<\/span>\n\t\t\t\t\t<\/a>\n\t\t\t\t<\/div>\n\t\t\t\t\t\t\t\t<\/div>\n\t\t\t\t<\/div>\n\t\t\t\t\t<\/div>\n\t\t\t\t<\/div>\n\t\t\t\t<\/div>\n\t\t","protected":false},"excerpt":{"rendered":"<p>Pol\u00edticas de Privacidade &#8211; Fis.com Quem somos Esta Pol\u00edtica de Privacidade descreve como Polo Uniformes coleta, usa e protege as informa\u00e7\u00f5es pessoais dos usu\u00e1rios que acessam nosso site [www.fisicafis.com.br].&nbsp; Ao utilizar nosso site, voc\u00ea concorda com as pr\u00e1ticas descritas nesta pol\u00edtica.&nbsp; 1. Coleta de&nbsp;Informa\u00e7\u00f5es Pessoais: Coletamos informa\u00e7\u00f5es pessoais, como nomes, endere\u00e7os de e-mail e informa\u00e7\u00f5es de contato, quando voc\u00ea se registra em nosso site, preenche formul\u00e1rios ou interage outra forma conosco, para auxiliar na detec\u00e7\u00e3o de spam. Uma sequ\u00eancia anonimizada de caracteres criada a partir do seu e-mail (tamb\u00e9m chamada de hash) poder\u00e1 ser enviada para o Gravatar para verificar se voc\u00ea usa o servi\u00e7o. A pol\u00edtica de privacidade do Gravatar est\u00e1 dispon\u00edvel aqui:&nbsp;https:\/\/automattic.com\/privacy. Depois da aprova\u00e7\u00e3o do seu coment\u00e1rio, a foto do seu perfil fica vis\u00edvel publicamente junto de seu coment\u00e1rio. 2. Uso de Informa\u00e7\u00f5es: As informa\u00e7\u00f5es pessoais coletadas podem ser usadas para: Personalizar a experi\u00eancia do usu\u00e1rio no site. Fornecer atualiza\u00e7\u00f5es e informa\u00e7\u00f5es sobre nossos produtos ou servi\u00e7os. Melhorar nossos produtos e servi\u00e7os com base no feedback fornecido. Processar transa\u00e7\u00f5es, quando aplic\u00e1vel. 3. Cookies e Tecnologias de Rastreamento: Nosso site pode usar cookies e tecnologias similares para melhorar a experi\u00eancia do usu\u00e1rio, analisar tend\u00eancias e administrar o site. Voc\u00ea pode controlar o uso de cookies nas configura\u00e7\u00f5es do seu navegador. &nbsp;Ao deixar um coment\u00e1rio no site, voc\u00ea poder\u00e1 optar por salvar seu nome, e-mail e site nos cookies. Isso visa seu conforto, assim voc\u00ea n\u00e3o precisar\u00e1 preencher seus dados novamente quando fizer outro coment\u00e1rio. Estes cookies duram um ano. Se voc\u00ea tem uma conta e acessa este site, um cookie tempor\u00e1rio ser\u00e1 criado para determinar se seu navegador aceita cookies. Ele n\u00e3o cont\u00e9m nenhum dado pessoal e ser\u00e1 descartado quando voc\u00ea fechar seu navegador. Quando voc\u00ea acessa sua conta no site, tamb\u00e9m criamos v\u00e1rios cookies para salvar os dados da sua conta e suas escolhas de exibi\u00e7\u00e3o de tela. Cookies de login s\u00e3o mantidos por dois dias e cookies de op\u00e7\u00f5es de tela por um ano. Se voc\u00ea selecionar \u201cLembrar-me\u201d, seu acesso ser\u00e1 mantido por duas semanas. Se voc\u00ea se desconectar da sua conta, os cookies de login ser\u00e3o removidos. 4. Compartilhamento de Informa\u00e7\u00f5es: N\u00e3o compartilhamos informa\u00e7\u00f5es pessoais com terceiros, exceto quando necess\u00e1rio para fornecer servi\u00e7os relacionados ao site. Isso pode incluir provedores de servi\u00e7os t\u00e9cnicos ou parceiros de neg\u00f3cios que nos auxiliam na opera\u00e7\u00e3o do site.&nbsp;Se voc\u00ea solicitar uma redefini\u00e7\u00e3o de senha, seu endere\u00e7o de IP ser\u00e1 inclu\u00eddo no e-mail de redefini\u00e7\u00e3o de senha. 5. Quais os seus direitos sobre seus dados: Voc\u00ea tem o direito de acessar, corrigir ou excluir suas informa\u00e7\u00f5es pessoais. Se desejar exercer esses direitos ou tiver alguma d\u00favida sobre nossas pr\u00e1ticas de privacidade, entre em contato conosco atrav\u00e9s dos detalhes fornecidos abaixo.&nbsp; &nbsp;Tamb\u00e9m pode solicitar que removamos qualquer dado pessoal que mantemos sobre voc\u00ea. Isto n\u00e3o inclui nenhuns dados que somos obrigados a manter para prop\u00f3sitos administrativos, legais ou de seguran\u00e7a. 6. Seguran\u00e7a: Implementamos medidas de seguran\u00e7a para proteger as informa\u00e7\u00f5es pessoais dos usu\u00e1rios.&nbsp; 7. Altera\u00e7\u00f5es na Pol\u00edtica: Podemos atualizar nossa pol\u00edtica de privacidade ocasionalmente. As altera\u00e7\u00f5es ser\u00e3o refletidas nesta p\u00e1gina e a data da \u00faltima atualiza\u00e7\u00e3o ser\u00e1 revisada. Recomendamos que voc\u00ea reveja periodicamente nossa pol\u00edtica para estar ciente das pr\u00e1ticas mais recentes. 8. Contato: Se voc\u00ea tiver alguma d\u00favida ou preocupa\u00e7\u00e3o sobre nossa pol\u00edtica de privacidade, entre em contato conosco pelo seguinte e-mail: [contato@fisicafis.com.br] Fis.com \u2013 Copyright \u00a9 2024 \u2013 Todos os direitos reservados. Data de atualiza\u00e7\u00e3o da Pol\u00edtica de Privacidade \u2013 10\/04\/2024 \u00e1s 08:00 Voltar ao Site<\/p>\n","protected":false},"author":1,"featured_media":0,"parent":0,"menu_order":0,"comment_status":"closed","ping_status":"open","template":"","meta":{"footnotes":""},"class_list":["post-3","page","type-page","status-publish","hentry"],"_links":{"self":[{"href":"https:\/\/fisicafis.com.br\/index.php\/wp-json\/wp\/v2\/pages\/3","targetHints":{"allow":["GET"]}}],"collection":[{"href":"https:\/\/fisicafis.com.br\/index.php\/wp-json\/wp\/v2\/pages"}],"about":[{"href":"https:\/\/fisicafis.com.br\/index.php\/wp-json\/wp\/v2\/types\/page"}],"author":[{"embeddable":true,"href":"https:\/\/fisicafis.com.br\/index.php\/wp-json\/wp\/v2\/users\/1"}],"replies":[{"embeddable":true,"href":"https:\/\/fisicafis.com.br\/index.php\/wp-json\/wp\/v2\/comments?post=3"}],"version-history":[{"count":42,"href":"https:\/\/fisicafis.com.br\/index.php\/wp-json\/wp\/v2\/pages\/3\/revisions"}],"predecessor-version":[{"id":1209,"href":"https:\/\/fisicafis.com.br\/index.php\/wp-json\/wp\/v2\/pages\/3\/revisions\/1209"}],"wp:attachment":[{"href":"https:\/\/fisicafis.com.br\/index.php\/wp-json\/wp\/v2\/media?parent=3"}],"curies":[{"name":"wp","href":"https:\/\/api.w.org\/{rel}","templated":true}]}}